[INFO] cloning repository https://github.com/andcov/create_cpp_app
[INFO] running `Command { std: "git" "-c" "credential.helper=" "-c" "credential.helper=/workspace/cargo-home/bin/git-credential-null" "clone" "--bare" "https://github.com/andcov/create_cpp_app" "/workspace/cache/git-repos/https%3A%2F%2Fgithub.com%2Fandcov%2Fcreate_cpp_app", kill_on_drop: false }`
[INFO] [stderr] Cloning into bare repository '/workspace/cache/git-repos/https%3A%2F%2Fgithub.com%2Fandcov%2Fcreate_cpp_app'...
[INFO] running `Command { std: "git" "rev-parse" "HEAD", kill_on_drop: false }`
[INFO] [stdout] 095af19de292fd65a92c0248e5ede1de4d6ff365
[INFO] checking andcov/create_cpp_app against master#9610dfe5a9a731ced1ea4923ecbd0c57fe367898 for beta-170-4
[INFO] running `Command { std: "git" "clone" "/workspace/cache/git-repos/https%3A%2F%2Fgithub.com%2Fandcov%2Fcreate_cpp_app" "/workspace/builds/worker-7-tc1/source", kill_on_drop: false }`
[INFO] [stderr] Cloning into '/workspace/builds/worker-7-tc1/source'...
[INFO] [stderr] done.
[INFO] validating manifest of git repo https://github.com/andcov/create_cpp_app on toolchain 9610dfe5a9a731ced1ea4923ecbd0c57fe367898
[INFO] running `Command { std: CARGO_HOME="/workspace/cargo-home" RUSTUP_HOME="/workspace/rustup-home" "/workspace/cargo-home/bin/cargo" "+9610dfe5a9a731ced1ea4923ecbd0c57fe367898" "metadata" "--manifest-path" "Cargo.toml" "--no-deps", kill_on_drop: false }`
[INFO] started tweaking git repo https://github.com/andcov/create_cpp_app
[INFO] finished tweaking git repo https://github.com/andcov/create_cpp_app
[INFO] tweaked toml for git repo https://github.com/andcov/create_cpp_app written to /workspace/builds/worker-7-tc1/source/Cargo.toml
[INFO] running `Command { std: CARGO_HOME="/workspace/cargo-home" RUSTUP_HOME="/workspace/rustup-home" __CARGO_TEST_CHANNEL_OVERRIDE_DO_NOT_USE_THIS="nightly" "/workspace/cargo-home/bin/cargo" "+9610dfe5a9a731ced1ea4923ecbd0c57fe367898" "generate-lockfile" "--manifest-path" "Cargo.toml" "-Zno-index-update", kill_on_drop: false }`
[INFO] running `Command { std: CARGO_HOME="/workspace/cargo-home" RUSTUP_HOME="/workspace/rustup-home" "/workspace/cargo-home/bin/cargo" "+9610dfe5a9a731ced1ea4923ecbd0c57fe367898" "fetch" "--manifest-path" "Cargo.toml", kill_on_drop: false }`
[INFO] [stderr]  Downloading crates ...
[INFO] [stderr]   Downloaded crossterm_terminal v0.2.6
[INFO] [stderr]   Downloaded crossterm_screen v0.2.5
[INFO] [stderr]   Downloaded crossterm v0.9.6
[INFO] [stderr]   Downloaded crossterm_input v0.3.9
[INFO] [stderr]   Downloaded crossterm_cursor v0.2.6
[INFO] [stderr]   Downloaded crossterm_utils v0.2.4
[INFO] [stderr]   Downloaded crossterm_winapi v0.1.5
[INFO] [stderr]   Downloaded crossterm_style v0.3.3
[INFO] [stderr]   Downloaded termimad v0.5.1
[INFO] [stderr]   Downloaded minimad v0.4.3
[INFO] running `Command { std: "docker" "create" "-v" "/var/lib/crater-agent-workspace/builds/worker-7-tc1/target:/opt/rustwide/target:rw,Z" "-v" "/var/lib/crater-agent-workspace/builds/worker-7-tc1/source:/opt/rustwide/workdir:ro,Z" "-v" "/var/lib/crater-agent-workspace/cargo-home:/opt/rustwide/cargo-home:ro,Z" "-v" "/var/lib/crater-agent-workspace/rustup-home:/opt/rustwide/rustup-home:ro,Z" "-e" "SOURCE_DIR=/opt/rustwide/workdir" "-e" "CARGO_TARGET_DIR=/opt/rustwide/target" "-e" "CARGO_HOME=/opt/rustwide/cargo-home" "-e" "RUSTUP_HOME=/opt/rustwide/rustup-home" "-w" "/opt/rustwide/workdir" "-m" "1610612736" "--user" "0:0" "--network" "none" "ghcr.io/rust-lang/crates-build-env/linux@sha256:19e73879b68f455e41552ea35293514db52ea292d993f571636dbffedb77a1ee" "/opt/rustwide/cargo-home/bin/cargo" "+9610dfe5a9a731ced1ea4923ecbd0c57fe367898" "metadata" "--no-deps" "--format-version=1", kill_on_drop: false }`
[INFO] [stdout] 7b95281c8a5d780c38304a61db070bb9a8d86d61651d6dbc46b74d9b6f7b5125
[INFO] running `Command { std: "docker" "start" "-a" "7b95281c8a5d780c38304a61db070bb9a8d86d61651d6dbc46b74d9b6f7b5125", kill_on_drop: false }`
[INFO] running `Command { std: "docker" "inspect" "7b95281c8a5d780c38304a61db070bb9a8d86d61651d6dbc46b74d9b6f7b5125", kill_on_drop: false }`
[INFO] running `Command { std: "docker" "rm" "-f" "7b95281c8a5d780c38304a61db070bb9a8d86d61651d6dbc46b74d9b6f7b5125", kill_on_drop: false }`
[INFO] [stdout] 7b95281c8a5d780c38304a61db070bb9a8d86d61651d6dbc46b74d9b6f7b5125
[INFO] running `Command { std: "docker" "create" "-v" "/var/lib/crater-agent-workspace/builds/worker-7-tc1/target:/opt/rustwide/target:rw,Z" "-v" "/var/lib/crater-agent-workspace/builds/worker-7-tc1/source:/opt/rustwide/workdir:ro,Z" "-v" "/var/lib/crater-agent-workspace/cargo-home:/opt/rustwide/cargo-home:ro,Z" "-v" "/var/lib/crater-agent-workspace/rustup-home:/opt/rustwide/rustup-home:ro,Z" "-e" "SOURCE_DIR=/opt/rustwide/workdir" "-e" "CARGO_TARGET_DIR=/opt/rustwide/target" "-e" "CARGO_INCREMENTAL=0" "-e" "RUST_BACKTRACE=full" "-e" "RUSTFLAGS=--cap-lints=forbid" "-e" "RUSTDOCFLAGS=--cap-lints=forbid" "-e" "CARGO_HOME=/opt/rustwide/cargo-home" "-e" "RUSTUP_HOME=/opt/rustwide/rustup-home" "-w" "/opt/rustwide/workdir" "-m" "1610612736" "--user" "0:0" "--network" "none" "ghcr.io/rust-lang/crates-build-env/linux@sha256:19e73879b68f455e41552ea35293514db52ea292d993f571636dbffedb77a1ee" "/opt/rustwide/cargo-home/bin/cargo" "+9610dfe5a9a731ced1ea4923ecbd0c57fe367898" "check" "--frozen" "--all" "--all-targets" "--message-format=json", kill_on_drop: false }`
[INFO] [stdout] eabb6bc25f04842c373abbf152b734eabbb6d036a7f548ae92b4b30a90713384
[INFO] running `Command { std: "docker" "start" "-a" "eabb6bc25f04842c373abbf152b734eabbb6d036a7f548ae92b4b30a90713384", kill_on_drop: false }`
[INFO] [stderr]    Compiling libc v0.2.144
[INFO] [stderr]    Compiling pkg-config v0.3.27
[INFO] [stderr]     Checking tinyvec_macros v0.1.1
[INFO] [stderr]    Compiling autocfg v1.1.0
[INFO] [stderr]     Checking percent-encoding v2.2.0
[INFO] [stderr]    Compiling log v0.4.18
[INFO] [stderr]     Checking unicode-bidi v0.3.13
[INFO] [stderr]     Checking os_str_bytes v6.5.0
[INFO] [stderr]     Checking tinyvec v1.6.0
[INFO] [stderr]     Checking form_urlencoded v1.1.0
[INFO] [stderr]     Checking hashbrown v0.12.3
[INFO] [stderr]     Checking minimad v0.4.3
[INFO] [stderr]     Checking clap_lex v0.2.4
[INFO] [stderr]     Checking termcolor v1.2.0
[INFO] [stderr]     Checking openssl-probe v0.1.5
[INFO] [stderr]     Checking textwrap v0.16.0
[INFO] [stderr]    Compiling indexmap v1.9.3
[INFO] [stderr]     Checking unicode-normalization v0.1.22
[INFO] [stderr]    Compiling jobserver v0.1.26
[INFO] [stderr]     Checking crossterm_utils v0.2.4
[INFO] [stderr]     Checking atty v0.2.14
[INFO] [stderr]    Compiling cc v1.0.79
[INFO] [stderr]     Checking clap v3.2.25
[INFO] [stderr]     Checking crossterm_cursor v0.2.6
[INFO] [stderr]     Checking crossterm_screen v0.2.5
[INFO] [stderr]     Checking crossterm_style v0.3.3
[INFO] [stderr]     Checking crossterm_input v0.3.9
[INFO] [stderr]     Checking crossterm_terminal v0.2.6
[INFO] [stderr]     Checking idna v0.3.0
[INFO] [stderr]     Checking crossterm v0.9.6
[INFO] [stderr]     Checking termimad v0.5.1
[INFO] [stderr]     Checking url v2.3.1
[INFO] [stderr]    Compiling libz-sys v1.1.9
[INFO] [stderr]    Compiling openssl-sys v0.9.88
[INFO] [stderr]    Compiling libssh2-sys v0.2.23
[INFO] [stderr]    Compiling libgit2-sys v0.12.26+1.3.0
[INFO] [stderr]     Checking git2 v0.13.25
[INFO] [stderr]     Checking create_cpp_app v0.1.0 (/opt/rustwide/workdir)
[INFO] [stdout] error[E0432]: unresolved import `clap::Clap`
[INFO] [stdout]  --> src/main.rs:1:5
[INFO] [stdout]   |
[INFO] [stdout] 1 | use clap::Clap;
[INFO] [stdout]   |     ^^^^^^^^^^ no `Clap` in the root
[INFO] [stdout] 
[INFO] [stdout] 
[INFO] [stdout] error: cannot determine resolution for the derive macro `Clap`
[INFO] [stdout]  --> src/main.rs:6:10
[INFO] [stdout]   |
[INFO] [stdout] 6 | #[derive(Clap, Debug)]
[INFO] [stdout]   |          ^^^^
[INFO] [stdout]   |
[INFO] [stdout]   = note: import resolution is stuck, try simplifying macro imports
[INFO] [stdout] 
[INFO] [stdout] 
[INFO] [stdout] error[E0432]: unresolved import `clap::Clap`
[INFO] [stdout]  --> src/main.rs:1:5
[INFO] [stdout]   |
[INFO] [stdout] 1 | use clap::Clap;
[INFO] [stdout]   |     ^^^^^^^^^^ no `Clap` in the root
[INFO] [stdout] 
[INFO] [stdout] 
[INFO] [stdout] error: cannot determine resolution for the derive macro `Clap`
[INFO] [stdout]  --> src/main.rs:6:10
[INFO] [stdout]   |
[INFO] [stdout] 6 | #[derive(Clap, Debug)]
[INFO] [stdout]   |          ^^^^
[INFO] [stdout]   |
[INFO] [stdout]   = note: import resolution is stuck, try simplifying macro imports
[INFO] [stdout] 
[INFO] [stdout] 
[INFO] [stdout] error: cannot find attribute `clap` in this scope
[INFO] [stdout]  --> src/main.rs:7:3
[INFO] [stdout]   |
[INFO] [stdout] 7 | #[clap(version = "1.0", author = "andco")]
[INFO] [stdout]   |   ^^^^
[INFO] [stdout]   |
[INFO] [stdout]   = note: `clap` is in scope, but it is a crate, not an attribute
[INFO] [stdout] 
[INFO] [stdout] 
[INFO] [stdout] error: cannot find attribute `clap` in this scope
[INFO] [stdout]  --> src/main.rs:9:7
[INFO] [stdout]   |
[INFO] [stdout] 9 |     #[clap(parse(from_os_str))]
[INFO] [stdout]   |       ^^^^
[INFO] [stdout]   |
[INFO] [stdout]   = note: `clap` is in scope, but it is a crate, not an attribute
[INFO] [stdout] 
[INFO] [stdout] 
[INFO] [stdout] error: cannot find attribute `clap` in this scope
[INFO] [stdout]   --> src/main.rs:13:7
[INFO] [stdout]    |
[INFO] [stdout] 13 |     #[clap(short, long)]
[INFO] [stdout]    |       ^^^^
[INFO] [stdout]    |
[INFO] [stdout]    = note: `clap` is in scope, but it is a crate, not an attribute
[INFO] [stdout] 
[INFO] [stdout] 
[INFO] [stdout] error: cannot find attribute `clap` in this scope
[INFO] [stdout]   --> src/main.rs:17:7
[INFO] [stdout]    |
[INFO] [stdout] 17 |     #[clap(short, long)]
[INFO] [stdout]    |       ^^^^
[INFO] [stdout]    |
[INFO] [stdout]    = note: `clap` is in scope, but it is a crate, not an attribute
[INFO] [stdout] 
[INFO] [stdout] 
[INFO] [stdout] error: cannot find attribute `clap` in this scope
[INFO] [stdout]   --> src/main.rs:21:7
[INFO] [stdout]    |
[INFO] [stdout] 21 |     #[clap(long)]
[INFO] [stdout]    |       ^^^^
[INFO] [stdout]    |
[INFO] [stdout]    = note: `clap` is in scope, but it is a crate, not an attribute
[INFO] [stdout] 
[INFO] [stdout] 
[INFO] [stdout] error: cannot find attribute `clap` in this scope
[INFO] [stdout]  --> src/main.rs:7:3
[INFO] [stdout]   |
[INFO] [stdout] 7 | #[clap(version = "1.0", author = "andco")]
[INFO] [stdout]   |   ^^^^
[INFO] [stdout]   |
[INFO] [stdout]   = note: `clap` is in scope, but it is a crate, not an attribute
[INFO] [stdout] 
[INFO] [stdout] 
[INFO] [stdout] error: cannot find attribute `clap` in this scope
[INFO] [stdout]  --> src/main.rs:9:7
[INFO] [stdout]   |
[INFO] [stdout] 9 |     #[clap(parse(from_os_str))]
[INFO] [stdout]   |       ^^^^
[INFO] [stdout]   |
[INFO] [stdout]   = note: `clap` is in scope, but it is a crate, not an attribute
[INFO] [stdout] 
[INFO] [stdout] 
[INFO] [stdout] error: cannot find attribute `clap` in this scope
[INFO] [stdout]   --> src/main.rs:13:7
[INFO] [stdout]    |
[INFO] [stdout] 13 |     #[clap(short, long)]
[INFO] [stdout]    |       ^^^^
[INFO] [stdout]    |
[INFO] [stdout]    = note: `clap` is in scope, but it is a crate, not an attribute
[INFO] [stdout] 
[INFO] [stdout] 
[INFO] [stdout] error: cannot find attribute `clap` in this scope
[INFO] [stdout]   --> src/main.rs:17:7
[INFO] [stdout]    |
[INFO] [stdout] 17 |     #[clap(short, long)]
[INFO] [stdout]    |       ^^^^
[INFO] [stdout]    |
[INFO] [stdout]    = note: `clap` is in scope, but it is a crate, not an attribute
[INFO] [stdout] 
[INFO] [stdout] 
[INFO] [stdout] error: cannot find attribute `clap` in this scope
[INFO] [stdout]   --> src/main.rs:21:7
[INFO] [stdout]    |
[INFO] [stdout] 21 |     #[clap(long)]
[INFO] [stdout]    |       ^^^^
[INFO] [stdout]    |
[INFO] [stdout]    = note: `clap` is in scope, but it is a crate, not an attribute
[INFO] [stdout] 
[INFO] [stdout] 
[INFO] [stdout] error[E0599]: no function or associated item named `parse` found for struct `Opt` in the current scope
[INFO] [stdout]   --> src/main.rs:31:20
[INFO] [stdout]    |
[INFO] [stdout] 8  | struct Opt {
[INFO] [stdout]    | ---------- function or associated item `parse` not found for this struct
[INFO] [stdout] ...
[INFO] [stdout] 31 |     let opt = Opt::parse();
[INFO] [stdout]    |                    ^^^^^ function or associated item not found in `Opt`
[INFO] [stdout]    |
[INFO] [stdout]    = help: items from traits can only be used if the trait is implemented and in scope
[INFO] [stdout]    = note: the following traits define an item `parse`, perhaps you need to implement one of them:
[INFO] [stdout]            candidate #1: `Parser`
[INFO] [stdout]            candidate #2: `TypedValueParser`
[INFO] [stdout] 
[INFO] [stdout] 
[INFO] [stdout] error[E0599]: no function or associated item named `parse` found for struct `Opt` in the current scope
[INFO] [stdout]   --> src/main.rs:31:20
[INFO] [stdout]    |
[INFO] [stdout] 8  | struct Opt {
[INFO] [stdout]    | ---------- function or associated item `parse` not found for this struct
[INFO] [stdout] ...
[INFO] [stdout] 31 |     let opt = Opt::parse();
[INFO] [stdout]    |                    ^^^^^ function or associated item not found in `Opt`
[INFO] [stdout]    |
[INFO] [stdout]    = help: items from traits can only be used if the trait is implemented and in scope
[INFO] [stdout]    = note: the following traits define an item `parse`, perhaps you need to implement one of them:
[INFO] [stdout]            candidate #1: `Parser`
[INFO] [stdout]            candidate #2: `TypedValueParser`
[INFO] [stdout] 
[INFO] [stdout] 
[INFO] [stdout] error: aborting due to 8 previous errors
[INFO] [stdout] 
[INFO] [stdout] 
[INFO] [stdout] Some errors have detailed explanations: E0432, E0599.
[INFO] [stdout] 
[INFO] [stdout] For more information about an error, try `rustc --explain E0432`.
[INFO] [stdout] 
[INFO] [stdout] error: aborting due to 8 previous errors
[INFO] [stdout] 
[INFO] [stdout] 
[INFO] [stdout] Some errors have detailed explanations: E0432, E0599.
[INFO] [stdout] 
[INFO] [stdout] For more information about an error, try `rustc --explain E0432`.
[INFO] [stdout] 
[INFO] [stderr] error: could not compile `create_cpp_app` (bin "create_cpp_app") due to 9 previous errors
[INFO] [stderr] warning: build failed, waiting for other jobs to finish...
[INFO] [stderr] error: could not compile `create_cpp_app` (bin "create_cpp_app" test) due to 9 previous errors
[INFO] running `Command { std: "docker" "inspect" "eabb6bc25f04842c373abbf152b734eabbb6d036a7f548ae92b4b30a90713384", kill_on_drop: false }`
[INFO] running `Command { std: "docker" "rm" "-f" "eabb6bc25f04842c373abbf152b734eabbb6d036a7f548ae92b4b30a90713384", kill_on_drop: false }`
[INFO] [stdout] eabb6bc25f04842c373abbf152b734eabbb6d036a7f548ae92b4b30a90713384
